{"id":26,"date":"2010-12-27T22:10:48","date_gmt":"2010-12-27T21:10:48","guid":{"rendered":"http:\/\/www.ffhhh.be\/home"},"modified":"2022-12-09T09:27:47","modified_gmt":"2022-12-09T08:27:47","slug":"solah-concerts","status":"publish","type":"page","link":"http:\/\/www.ffhhh.be\/home\/solah-concerts\/","title":{"rendered":"Solah &#8211; Concerts"},"content":{"rendered":"<p><strong>Next shows<\/strong><\/p>\n<p>04\/02\/2022: BRASS (Brussels) <br \/>06\/01\/2022: L&#8217;An Vert (Liege) with Extra Life (US)\u00a0<\/p>\n<p><strong>Past shows<\/strong><\/p>\n<p>25\/06\/2022: Private concert (Brussels)<br \/>18\/09\/2022: Caf\u00e9 Central (Brussels) with Bruno Dorella (IT)<\/p>\n<p>12\/11\/2021: Private concert (Brussels)<br \/>03\/07\/2021: Private concert (Silly)<br \/>26\/06\/2021: Jambes concert (Brussels) <br \/>18\/07\/2021: Nuits BeauTas (Brussels) with Christoph Cl\u00e9bard (IT)<\/p>\n<p>09\/10\/2020: La Zone (Li\u00e8ge)<em><br \/>\u00a0\u00a0\u00a0\u00a0\u00a0\u00a0\u00a0\u00a0\u00a0\u00a0\u00a0 15\/08\/2020: Change of name Jesus &gt; Solah<br \/><\/em>24\/02\/2020: Meakusma event (Eupen) with Orphan Fairytale<br \/>23\/01\/2020: Palace (Bruxelles) With Eric Chenaux<\/p>\n<p>05\/11\/2019: HS La Senne (Brussels) with Gaute Granli Mark (US) and Charles Morgan (US)<br \/><em>\u00a0\u00a0\u00a0\u00a0\u00a0\u00a0\u00a0\u00a0\u00a0\u00a0\u00a0 15\/07\/2019: Change of name Jesus is my son &gt; Jesus<\/em><br \/>09\/07\/2019: Private concert (Brussels)<br \/>16\/05\/2019: Biblioth\u00e8que Universitaire (Metz)<br \/>15\/05\/2019: &#8216;Le semaine de la musique s&#8217;\u00e9clate&#8217; (Theux)<br \/>09\/05\/2019: Nuits Beau Tas\u00a0 (Brussels) with Clara Levy (Ictus Academy)<br \/>27\/04\/2019: De Koer (Ghent) with Radare (D)<br \/>24\/04\/2019: Welcome Spring ! Festival (Louvain-La-Neuve)<br \/>29\/03\/2019: Les Ateliers Claus (Brussels) with Gore (NL)<br \/>27\/03\/2019: Botanique (Brussels) with Dylan Carlson (US)<br \/>12\/01\/2019: KRAAK&#8217;s New Year&#8217;s Snifter (Gent) with Roger 3000<\/p>\n<p>24\/12\/2018: Caf\u00e9 Central (Brussels)<br \/>13\/10\/2018: <span class=\"st\">Le caf&amp;diskaire<\/span> (Lille) with Veda<br \/>29\/06\/2018: Mus\u00e9e de la vie wallonne (Li\u00e8ge)<br \/>13\/06\/2018: Rayon &#8211; Vecteur (Charleroi) with Jozef Van Wissem (NL)<br \/>18\/05\/2018: Concert in apartment (Namur)<br \/>02\/05\/2018: Caf\u00e9 Central (Brussels) with Pastoral<br \/>28\/03\/2018: Sterput (Brussels)<br \/>24\/02\/2018: Le Salon de Baba (Charleroi) with John Russell (UK) \/ J-J Duerinckx \/ Matthieu Safatly<br \/>10\/01\/2018: Le Lac (Brussels)<\/p>\n<p>13\/11\/2017: Magasin 4 (Brussels) with Oiseaux-Temp\u00eate (F) and Jerusalem is in My Heart (CAN)<br \/>08\/11\/2017: Point Culture (Charleroi) with Matt Elliot (UK)<br \/>30\/06\/2017: The Arch (Genk) with TG Gondard (Fr)<br \/>05\/06\/2017: Caf\u00e9 Central (Brussels)<br \/>25\/05\/2017: Musique(s) de cour (Brussels)<br \/>29\/04\/2017: KulturA (Li\u00e8ge) with <span class=\"_5gmx\">Mutiny on the Bounty (L) and Mouse on the keys (JP)<\/span><br \/>23\/04\/2017: Botanique (Brussels) with Peter Silberman (US)<br \/>12\/03\/2017: Sterput (Brussels) with Clement Nourry<br \/>04\/03\/2017: Bukta Paktop (Brussels)<br \/>10\/02\/2017: L&#8217;An Vert (Liege) with Noria<br \/>29\/01\/2017: Cinema Galerie (Brussels) &#8211; Special concert based on music from Jim Jarmusch&#8217;s movies.<br \/>21\/01\/2017: Magasin 4 (Brussels) with Andy Moor &amp; Anne-james Chaton (FR\/NL) and Quasi Una Fantasia<\/p>\n<p>21\/10\/2016: L&#8217;Eau chaude (Brussels)<br \/>29\/04\/2016: La Raffinerie (Brussels) &#8211; Opening Night of the festival NUITS DU BEAU TAS<br \/>28\/02\/2016: 666LaChasse (Brussels)<br \/>26\/02\/2016: Point Culture ULB (Brussels)<\/p>\n<p>11\/12\/2015: La maison des Musiques (Brussels) with Rraouhhh!, EDH &amp; Hypo (FR) and Tzii (FR)<br \/>03\/10\/2015: Magasin 4 (Brussels) with Acid Mothers Temple (JAP) and ?Alos (IT)<br \/>29\/08\/2015: Yayaya Zoulk Fistival with Frank Shinobi, Tache, &#8230;<br \/>28\/08\/2015: Megamoul&#8217;s II festival (Nancy &#8211; F) with Ovo (IT), X-OR (F), &#8230;<br \/>14\/05\/2015: L&#8217;Eau chaude (Brussels)<br \/>09\/05\/2015: Placard headphone festival (Brussels)<br \/>28\/03\/2015: Skip the Weekend (Outgaarden) with Winnitou, Colombey, Ignatz and Carrageenan<\/p>\n<p>24\/12\/2014: Caf\u00e9 Central (Brussels)<br \/>21\/11\/2014: Maisson des musiques (Brussels) with Amen Dunes (US)<br \/>14\/11\/2014: Micro march\u00e9 (Brussels)<br \/>17\/09\/2014: Potemkine (Brussels)<br \/>20\/09\/2014: La bulle (Louvain-La-Neuve) with CamDeas (UK)<br \/>27\/09\/2014: Magasin 4 (Brussels) (Massacr\u00e9es Belges event)<br \/>12\/04\/2014: La Dame de Pique (Namur) with Xavier Dubois<\/p>\n<p>18\/12\/2013 : Lab_sin (Brussels) with Soumonces!<br \/>22\/10\/2013: Studio Grez (Bruxelles) with Steve Gunn (US)<br \/>19\/10\/2013: Extrapool (Nijmegen\u00a0 &#8211; NL) with Luca Sigurta (IT) and Machinist (NL)<br \/>28\/03\/2013: L\u2019An vert (Li\u00e8ge) with My Empty Phantom (US)<br \/>24\/03\/2013: Studio Chaudelande (St Pierre Eglise &#8211; F) with Jac Pochat (FR), Sobak Mouzzak (FR), Mulan Serrico (FR) and\u00a0 Zaraz Van Zagram (FR)<br \/>23\/03\/2013: Bocal (Caen &#8211; FR) with Jac Pochat (FR), Sobak Mouzzak (FR), Mulan Serrico (F) and\u00a0 Zaraz Van Zagram (FR)<br \/>07\/02\/2013: Chat Borgne (Bruxelles) with June Bug &amp; The Story Tellers (FR)<br \/>02\/02\/2013 : In a house (Li\u00e8ge) with Anla Courtis (AR)<\/p>\n<p>25\/12\/2012: Caf\u00e9 Central (Bruxelles)<br \/>06\/11\/2012: Botanique (Bruxelles) with Susanne Sunford (NO)<br \/>02\/11\/2012: Cercle du Laveu (Li\u00e8ge) with France Sauvage (FR)<br \/>19\/10\/2012: Habeas Corpus Oktoberfest (Bruxelles) with Carl et les hommes boites<br \/>11\/10\/2012: Madame Moustache (Bruxelles) with Bee and Flower (US)<br \/>30\/06\/2012: Panorama (Charleroi)<br \/>31\/05\/2012: Atelier Claus (Bruxelles) with Extra Life (US)<br \/>28\/05\/2012: Vera Club (Groningen &#8211; NL) with Codeine (US)<br \/>27\/05\/2012: AB club (Bruxelles) with Codeine (US)<br \/>20\/05\/2012: La bulle (Louvain-La-Neuve) with Terror Bird (CA)<br \/>28\/04\/2012: Compilotheque (Bruxelles) with Josef van Wissem (NL) and Cian Nugent (UK).<br \/>18\/03\/2012: Kool Strings &#8211; Radio show (Li\u00e8ge)<br \/>16\/03\/2012: Karel (Bruxelles) with Vampire Blues (UK)<br \/>10\/03\/2012: BeauHaus (Bruxelles)<br \/>17\/02\/2012: La m\u00e9diath\u00e8que (Li\u00e8ge)<br \/>13\/02\/2012: Magasin 4 (Bruxelles) with Stephen O&#8217;malley Vs Chris Brokaw (US)<\/p>\n<p>07\/05\/2011: Les concerts du n\u00e9ant absolu&#8230;\u00a0 (Bruxelles) with Djoew (F) and Romaric Sobas (F)<\/p>\n<p>25\/12\/2010: The student (Bruxelles)<br \/>10\/12\/2010: Kinky Star (Gand) with Jean DL<br \/>05\/12\/2010: Magasin 4 (Bruxelles) with Squarcicatrici (I) and Aspect (I)<br \/>03\/12\/2010: L\u2019espace en cours (France \/ Paris)\u00a0 with Jean DL<br \/>02\/12\/2010: Data (France \/ Marseille) with Jean DL<br \/>30\/11\/2010: Mus\u00e9e Nic\u00e9phore Ni\u00e9pce (France \/ Chalon-sur-Sa\u00f4ne) with Jean DL<br \/>20\/11\/2010: L\u2019An vert (Li\u00e8ge) with Jozef van Wissem (NL)<br \/>07\/10\/2010: Studio Dame Blanche (Bruxelles)<br \/>05\/06\/2010: Le Vecteur (Charleroi) with Michel Henritzi (F) et Teuk Henri<\/p>\n<p>03\/12\/2009: Dada Bar (Bruxelles) with Neokarma Jooklo Trio (I)<\/p>\n<p>13\/12\/2008: La m\u00e9diath\u00e8que (Li\u00e8ge)<br \/>03\/05\/2008: Belv\u00e9dere (Namur) with Carla Bozulich (US)<br \/>26\/04\/2008: Peniche Fulmar (Bruxelles) with Kkazimir Gluton and Les yeux de la t\u00eate<br \/>08\/03\/2008: Le Off (Bruxelles) with Karl et Sepia hours.<\/p>\n<p>21\/09\/2007: Caf\u00e9 Le Relais de Namur (Namur)<br \/>07\/07\/2007: P\u2019tit Faystival (Petit-Fays)<br \/>26\/07\/2007: M\u00e9diath\u00e8que (Namur)<br \/>01\/06\/2007: Magasin 4 (Bruxelles) with Carla Bozulich (US)<br \/>09\/04\/2007: Studio Dame Blanche (Bruxelles)<br \/>21\/01\/2007: La zone (Li\u00e8ge) with Landsdowne Road, Balderdash and M\u00f6se<\/p>\n<p>09\/12\/2006: La Barricade (Li\u00e8ge) with Madadayo<br \/>06\/05\/2006: Idiolaboat (Li\u00e8ge)<\/p>\n\n\n<p><\/p>\n","protected":false},"excerpt":{"rendered":"<p>Next shows 04\/02\/2022: BRASS (Brussels) 06\/01\/2022: L&#8217;An Vert (Liege) with Extra Life (US)\u00a0 Past shows 25\/06\/2022: Private concert (Brussels)18\/09\/2022: Caf\u00e9 Central (Brussels) with Bruno Dorella (IT) 12\/11\/2021: Private concert (Brussels)03\/07\/2021: Private concert (Silly)26\/06\/2021: Jambes concert (Brussels) 18\/07\/2021: Nuits BeauTas (Brussels) with Christoph Cl\u00e9bard (IT) 09\/10\/2020: La Zone (Li\u00e8ge)\u00a0\u00a0\u00a0\u00a0\u00a0\u00a0\u00a0\u00a0\u00a0\u00a0\u00a0 15\/08\/2020: Change of name Jesus &gt; Solah24\/02\/2020: &hellip; <a href=\"http:\/\/www.ffhhh.be\/home\/solah-concerts\/\" class=\"more-link\">Continue reading <span class=\"screen-reader-text\">Solah &#8211; Concerts<\/span> <span class=\"meta-nav\">&rarr;<\/span><\/a><\/p>\n","protected":false},"author":1,"featured_media":0,"parent":0,"menu_order":0,"comment_status":"closed","ping_status":"closed","template":"","meta":[],"_links":{"self":[{"href":"http:\/\/www.ffhhh.be\/home\/wp-json\/wp\/v2\/pages\/26"}],"collection":[{"href":"http:\/\/www.ffhhh.be\/home\/wp-json\/wp\/v2\/pages"}],"about":[{"href":"http:\/\/www.ffhhh.be\/home\/wp-json\/wp\/v2\/types\/page"}],"author":[{"embeddable":true,"href":"http:\/\/www.ffhhh.be\/home\/wp-json\/wp\/v2\/users\/1"}],"replies":[{"embeddable":true,"href":"http:\/\/www.ffhhh.be\/home\/wp-json\/wp\/v2\/comments?post=26"}],"version-history":[{"count":85,"href":"http:\/\/www.ffhhh.be\/home\/wp-json\/wp\/v2\/pages\/26\/revisions"}],"predecessor-version":[{"id":684,"href":"http:\/\/www.ffhhh.be\/home\/wp-json\/wp\/v2\/pages\/26\/revisions\/684"}],"wp:attachment":[{"href":"http:\/\/www.ffhhh.be\/home\/wp-json\/wp\/v2\/media?parent=26"}],"curies":[{"name":"wp","href":"https:\/\/api.w.org\/{rel}","templated":true}]}}